uppose -19*o = -17*o - 3*y - 460, -3*o + 5*y + 692 = 0. Calculate the greatest common divisor of o and 28.
28
Let w = -2 + 44. Let m = w + -36. Calculate the greatest common factor of 9 and m.
3
Let i(x) = -8*x + 220. Let z be i(0). Calculate the highest common divisor of 40 and z.
20
Let j(d) = -d**3 - 12*d**2 + 41*d - 6. Let b be j(-15). Calculate the highest common factor of 1242 and b.
54
Suppose -18 = 12*k - 30. Calculate the greatest common divisor of k and 45.
1
Suppose 113 = -5*w + 43. Let r be 2 - (w + 6) - (1 + -1). What is the greatest common divisor of 150 and r?
10
Suppose -4*u = -2*u + 36. Let q = 7 - u. Calculate the greatest common factor of q and 10.
5
Suppose 0 = -l + u + 1306, -1354 = -l - 3*u - 40. What is the greatest common factor of l and 12?
12
Let m(l) = l**2 - 14*l - 84. Let x be m(19). What is the greatest common factor of x and 154?
11
Let v be 5 + -7 - ((-2 - 1) + -21). Calculate the greatest common divisor of 2 and v.
2
Suppose -462 + 57 = -3*g. Suppose 0*v - 4*v + g = y, -3*y = -5*v + 173. What is the greatest common divisor of v and 85?
17
Let t(a) = 18*a + 200. Let n be t(-11). Calculate the greatest common divisor of 362 and n.
2
Suppose -650 = -168*g + 103*g. What is the highest common factor of g and 155?
5
Suppose 2*o = -3*o + 4*n + 23, -2*n - 16 = -4*o. Suppose 2*m + o*m + 40 = 0. Let g be 1/(-4*2/m). Calculate the highest common divisor of g and 1.
1
Let g be ((-285)/76)/((-674)/336 + 2). What is the greatest common divisor of 15 and g?
15
Let n be (824/(-6))/((-24)/36). Calculate the highest common factor of n and 2.
2
Let l = 70 + 354. Calculate the highest common factor of 53 and l.
53
Let y be 11*(-8 - (-146)/11). Calculate the highest common divisor of y and 2.
2
Let n be 12/(-8) - 285/(-2). Calculate the highest common factor of n and 47.
47
Let b(r) = -2*r**2 + 8*r + 6. Let l be b(6). Let o(w) = -w**2 - 20*w + 14. Let n be o(l). Calculate the highest common factor of 10 and n.
10
Let a = -36 - -47. Suppose 2*m + 3 = a, -3*m + 44 = 4*r. Calculate the highest common factor of r and 6.
2
Suppose -221 = -c - 219, 12 = 2*b - 3*c. Suppose 0*m + 4 = r - m, 2*m + 2 = -r. Let t be r*(-1 + 0) - -101. What is the highest common factor of b and t?
9
Let z = 9 + -3. What is the highest common divisor of 186 and z?
6
Let v = 320 + -89. What is the greatest common divisor of v and 66?
33
Suppose -23*m + 437 = -2001. What is the greatest common divisor of m and 4?
2
Let h = 345 - 330. Calculate the highest common divisor of h and 195.
15
Let i(z) = -z**3 + 18*z**2 + 10*z + 44. Let v be i(18). Calculate the highest common divisor of 42 and v.
14
Let n be 6/(-18) + ((-1676)/6)/(-1). Calculate the greatest common factor of n and 31.
31
Suppose 52 = 5*k - 4*v, 4*k - 3*v = 2*v + 47. Let q(h) = 4 + 10*h - k*h - h. Let o be q(9). Calculate the highest common factor of 91 and o.
13
Let s be ((-4)/(-8))/(5/20). Calculate the greatest common factor of 134 and s.
2
Let p be 0 + -3 + -29 + (-2)/(-2). Let m = p + 42. Calculate the highest common divisor of m and 11.
11
Let a = -262 + 405. Let r(h) = h**3 - 4*h**2 + h + 1. Let k be r(4). Let d = k + 8. Calculate the highest common divisor of d and a.
13
Let b = -129 - -17. Let f = 152 + b. What is the highest common divisor of f and 100?
20
Suppose -204 - 82 = -11*y. Calculate the greatest common factor of y and 1222.
26
Let r(z) = -z - 3. Let p be r(-15). Let t = -33 + 66. Suppose 5*h = 2*l - t, -3*h + 17 = 3*l - 4*h. Calculate the highest common divisor of p and l.
4
Let j = 18 - 8. Let g be 4*7/(63/6)*-9. Let n = 1 - g. Calculate the greatest common divisor of j and n.
5
Let q(b) = 2*b. Let n be q(-1). Let h be (0 - 1) + n + 5. Suppose 7 = -h*y + f + 69, -4*y - 2*f + 132 = 0. Calculate the highest common divisor of 16 and y.
16
Suppose -k = -2, 5*n - n - 54 = k. Let f = 230 - 104. What is the greatest common divisor of n and f?
14
Let p(x) be the first derivative of -x**2 + 37*x - 25. Let w be p(-9). What is the greatest common divisor of w and 22?
11
Let n = 70 + -26. Suppose 3*s + 6 = 2*s. Let p be (-1 + (-3 - s))*2. What is the greatest common factor of p and n?
4
Suppose r - 67 = -5*w, -4*w + 112 = 5*r - 118. Let n = -17 + r. Let o = 498 - 273. What is the highest common factor of n and o?
25
Let z(j) = j**3 + 4*j**2 - j. Let y be z(-2). Let b = -290 - -296. Let v be (-80 - y)*(-4)/b. Calculate the highest common divisor of v and 150.
30
Let b(g) = 41*g. Let s be b(-1). Let k = 65 + s. Calculate the highest common factor of 192 and k.
24
Suppose 3 = o - 0, -z + 35 = -2*o. Let x = -25 + z. Let v(m) = -m**2 + 18*m - 22. Let p be v(x). What is the greatest common divisor of 30 and p?
10
Suppose -180 = -4*h - 6*s + 3*s, 0 = h + 4*s - 58. What is the greatest common divisor of 273 and h?
21
Let x be (-9)/(-18) + (-4)/24*-4287. Calculate the greatest common divisor of 55 and x.
55
Let f = 47 + -17. Let b = 18 + f. Calculate the greatest common factor of b and 72.
24
Let j(y) = -42*y + 468. Let x be j(11). Let c be ((-36)/15)/((-4)/30). Calculate the highest common factor of x and c.
6
Let g = 47 - 26. Let a = g - -1. Let o(t) = -t**3 + 9*t**2 + 3*t - 5. Let z be o(5). Calculate the greatest common factor of a and z.
22
Let a = -202 - -123. Let x = -39 - a. Suppose -p = 5*o - x, 40 = 5*o - 0*p - p. Calculate the highest common divisor of o and 56.
8
Let o(g) = -2*g + 15. Let z be o(5). Suppose 5*v - 5 = z, 3*p - 5*v - 635 = 0. What is the greatest common factor of 86 and p?
43
Let x = -1 + -5. Let z(i) = i**2 + 1. Let t(q) = q**3 + 9*q**2 + 1. Let n(h) = t(h) - 2*z(h). Let s be n(x). Calculate the greatest common divisor of 7 and s.
7
Let f be 2/4 - (-13)/(-2). Let t(z) = -z**2 - z - 50. Let b be t(0). Let p be f*3/(9/b). Calculate the highest common factor of 25 and p.
25
Suppose -m = 5*o - 251, -m = -o - 19 + 74. Calculate the greatest common factor of o and 153.
51
Suppose 653 = -4*o + 6*o - f, -5*o + 3*f = -1635. Calculate the greatest common divisor of 1188 and o.
108
Let x = 31 - 10. Let u(n) = -11*n**3 - n**2. Suppose h = -5*q - 13, -q - 5*h - 13 = -2*q. Let m be u(q). What is the greatest common factor of m and x?
21
Let i = 220 - 192. What is the greatest common divisor of i and 56?
28
Let i = -3 + 6. Let l(v) = 3*v**3 - v**2 - 2*v - 8. Let d be l(3). Suppose -i*z + 50 = -d. What is the highest common factor of z and 54?
18
Suppose 5*k + 11 = 1, 2*k - 83 = -3*l. Let y = l - -21. Suppose -8*u = -3*u - y. What is the highest common divisor of 50 and u?
10
Let o = -234 - -650. What is the greatest common factor of o and 26?
26
Let h = -832 + 908. What is the greatest common factor of 12 and h?
4
Let f(w) = w**2 - 14*w + 10. Let m be f(9). Let o be (-1)/((-14)/18) - (-10)/m. What is the greatest common divisor of o and 15?
1
Let j(k) = -k**3 + 3*k**2 + 3. Let u be j(-3). Let q be -4 + ((-39)/2)/((-6)/12). Suppose -4*i + u = -q. Calculate the greatest common factor of 46 and i.
23
Suppose -2*o + 5*c + 55 = 0, 3*c + 59 = 2*o + 14. Calculate the highest common divisor of o and 60.
15
Suppose -2*g + 7*y - 4*y = -129, 0 = -4*g + 4*y + 252. Let d be (-10)/(-4)*g/25. What is the greatest common divisor of 12 and d?
6
Let v(p) = -2*p - 2*p + 6 + 2*p. Let g be v(-5). Suppose 4*a - 56 = 72. What is the highest common divisor of g and a?
16
Let y(m) = -5*m**2 + 93*m - 28. Let q be y(17). What is the greatest common divisor of q and 48?
12
Let n be -1*(5 + -5)*(-1 + 0). Suppose -2*b + 7*b - 220 = n. What is the greatest common divisor of 4 and b?
4
Suppose 4*k + 262 - 26 = 4*z, -115 = -2*z + 3*k. Calculate the highest common factor of 217 and z.
31
Suppose -2*a + 154 = -3*u - 55, -575 = -5*a - 3*u. Let j(k) = 4*k + 2. Let c be j(3). What is the highest common divisor of c and a?
14
Suppose -187 = -k - b + 3*b, 5*b = 3*k - 558. Let z = -100 + k. What is the highest common factor of z and 108?
27
Let l = 22 - 52. Let h be ((-16)/(-20) + -4)*l/4. What is the highest common factor of 32 and h?
8
Let m be 1/((-12)/1269) - (-18)/24. Let u be m/(-10)*4/6. Calculate the greatest common factor of 2 and u.
1
Suppose -5*c + 3*c + k = 4, 0 = -2*c + 3*k - 12. Suppose 2*i + 0*i - 24 = c. Let q = 80 + -44. What is the highest common factor of i and q?
12
Let g = 3271 + -1963. What is the highes